er?
False
Is 10494581 a composite number?
True
Is 112424947 prime?
True
Is 665152501 prime?
False
Is 9764267 composite?
False
Is 1497637 composite?
True
Is 13657759 a prime number?
True
Is 78402391 prime?
True
Is 6926039 a prime number?
True
Is 48555161 a prime number?
True
Is 68001803 prime?
True
Is 37768435 prime?
False
Is 1804802 a prime number?
False
Is 2810453 a prime number?
False
Is 37317367 composite?
False
Is 97768427 a composite number?
False
Is 7729993 composite?
False
Is 12854657 a composite number?
False
Is 20885911 composite?
True
Is 19590301 a composite number?
True
Is 586654867 composite?
False
Is 18366841 a composite number?
True
Is 1512403 composite?
True
Is 127376813 composite?
True
Is 102879217 prime?
False
Is 39295471 a prime number?
False
Is 1138642 composite?
True
Is 390902459 a prime number?
True
Is 373447 a prime number?
True
Is 12971761 a prime number?
False
Is 51845083 a composite number?
True
Is 8671291 a prime number?
True
Is 8019581 a prime number?
True
Is 1542421 prime?
True
Is 30653339 composite?
True
Is 74734435 a prime number?
False
Is 4260073 composite?
False
Is 882053 composite?
True
Is 719821 a composite number?
False
Is 9985487 composite?
True
Is 567031 composite?
False
Is 11481737 a composite number?
False
Is 171343129 a composite number?
False
Is 2602993 a composite number?
False
Is 5129459 a composite number?
False
Is 31023589 a composite number?
True
Is 8363867 a prime number?
True
Is 11891753 prime?
False
Is 250031701 composite?
True
Is 8718401 a prime number?
True
Is 214603 a prime number?
True
Is 122144731 composite?
False
Is 2041757 composite?
False
Is 25105187 composite?
False
Is 632813 a prime number?
True
Is 10416071 prime?
False
Is 76475651 a prime number?
False
Is 1302649001 a prime number?
True
Is 79717135 a prime number?
False
Is 5330837 a prime number?
True
Is 647329 a composite number?
True
Is 371785237 composite?
False
Is 1418233 a composite number?
False
Is 164033827 a prime number?
True
Is 4411487 prime?
True
Is 1229233 composite?
True
Is 29599555 composite?
True
Is 251737 a composite number?
False
Is 7311041 a composite number?
False
Is 693992911 a composite number?
False
Is 3999311 prime?
True
Is 4200589 a composite number?
True
Is 3313153 a prime number?
True
Is 177644143 prime?
True
Is 2262593 a prime number?
True
Is 3527581 prime?
True
Is 60370507 a composite number?
False
Is 6341165 composite?
True
Is 83114933 prime?
False
Is 405373 prime?
True
Is 15729467 prime?
False
Is 8827433 prime?
True
Is 8727757 prime?
True
Is 713617 composite?
True
Is 67788613 composite?
True
Is 6639865 a prime number?
False
Is 179235469 a prime number?
False
Is 43358089 a composite number?
False
Is 3366739 composite?
False
Is 20505431 prime?
True
Is 29485165 a composite number?
True
Is 4602153 prime?
False
Is 6776447 prime?
False
Is 14734141 a prime number?
True
Is 3264094 a composite number?
True
Is 1722241 prime?
True
Is 580802407 composite?
False
Is 23033017 a composite number?
True
Is 502585745 a composite number?
True
Is 4164647 prime?
False
Is 517076398 a prime number?
False
Is 8285581 a prime number?
True
Is 4171313 a composite number?
False
Is 879523 composite?
False
Is 3515087 a composite number?
False
Is 14889913 composite?
False
Is 123229681 a prime number?
False
Is 317775397 composite?
False
Is 1637221 composite?
False
Is 24026033 prime?
False
Is 5362499 a prime number?
False
Is 2675567 composite?
True
Is 80215909 a prime number?
False
Is 21642638 prime?
False
Is 10162777 prime?
False
Is 38092382 prime?
False
Is 79452026 composite?
True
Is 80365949 a prime number?
True
Is 23759261 a composite number?
False
Is 195263735 prime?
False
Is 59866117 prime?
False
Is 9674755 prime?
False
Is 13481213 composite?
True
Is 83219011 a prime number?
True
Is 22251098 a prime number?
False
Is 62686147 prime?
True
Is 5707535 composite?
True
Is 842579 a prime number?
False
Is 771118 prime?
False
Is 2269081 prime?
False
Is 4814839 composite?
True
Is 453839 a prime number?
False
Is 489217 composite?
False
Is 26012749 prime?
False
Is 4053851 prime?
True
Is 5229971 a prime number?
True
Is 2758909 prime?
False
Is 113556041 composite?
False
Is 2166773 composite?
True
Is 33630603 prime?
False
Is 87285137 a prime number?
True
Is 147295409 a prime number?
False
Is 38432683 a prime number?
True
Is 34593343 composite?
False
Is 77151883 prime?
True
Is 918520913 a composite number?
True
Is 16034693 composite?
False
Is 26192983 composite?
False
Is 13946353 composite?
False
Is 3024533 a prime number?
True
Is 789414403 prime?
False
Is 24766477 a prime number?
False
Is 1197377 a composite number?
True
Is 4051493 composite?
True
Is 30732287 prime?
True
Is 32471189 composite?
False
Is 29212031 composite?
False
Is 69875165 a prime number?
False
Is 4163893 composite?
False
Is 922613 prime?
True
Is 30109597 a composite number?
True
Is 160218001 a composite number?
True
Is 117188759 a prime number?
True
Is 51979783 composite?
True
Is 9244135 prime?
False
Is 611023117 composite?
False
Is 3901481 a composite number?
False
Is 45229903 a prime number?
False
Is 864551 composite?
False
Is 39523867 a composite number?
True
Is 460013 composite?
False
Is 54100481 a prime number?
False
Is 4007837 prime?
True
Is 259309 composite?
False
Is 466875349 a prime number?
True
Is 12877289 composite?
False
Is 20004341 a composite number?
True
Is 693943 composite?
False
Is 181113883 a composite number?
True
Is 552750815 a composite number?
True
Is 10388667 a composite number?
True
Is 154624857 a prime number?
False
Is 2683361 prime?
True
Is 7003763 a prime number?
False
Is 23955311 prime?
False
Is 220783631 a prime number?
True
Is 1989671 a composite number?
False
Is 10395569 a prime number?
True
Is 744805 composite?
True
Is 7380181 a composite number?
True
Is 582559 a composite number?
True
Is 5731259 composite?
False
Is 49599763 prime?
True
Is 14400667 prime?
True
Is 105254879 composite?
True
Is 156809041 a composite number?
False
Is 2412941 a prime number?
True
Is 146131747 prime?
False
Is 11514323 composite?
True
Is 10340741 a composite number?
False
Is 292944089 prime?
False
Is 10951229 a composite number?
False
Is 200731 a composite number?
False
Is 70245211 a composite number?
False
Is 258350153 a prime number?
True
Is 3763779 a prime number?
False
Is 713129 a composite number?
False
Is 5080529 composite?
False
Is 8835061 a composite number?
True
Is 6224737 a prime number?
False
Is 579353 a composite number?
False
Is 100485713 prime?
True
Is 124572571 prime?
True
Is 87858723 composite?
True
Is 326537 composite?
False
Is 714341 a composite number?
False
Is 2434249 a prime number?
True
Is 378355507 prime?
True
Is 2996311 composite?
True
Is 1200581 composite?
False
Is 75739891 prime?
True
Is 267969693 a prime number?
False
Is 16451038 a composite number?
True
Is 53191427 a composite number?
False
Is 1585869 composite?
True
Is 18634127 a composite number?
False
Is 9424127 prime?
False
Is 1327355 composite?
True
Is 315609863 a prime number?
False
Is 10471217 a prime number?
True
Is 148801313 composite?
False
Is 5012587 prime?
True
Is 35390149 prime?
False
Is 1957507 composite?
True
Is 111234243 prime?
False
Is 878459 a prime number?
False
Is 14805979 prime?
False
Is 47923891 composite?
False
Is 15070801 a prime number?
True
Is 64003507 a composite number?
True
Is 1456355 composite?
True
Is 13484921 composite?
True
Is 213136403 a composite number?
True
Is 583061 a composite number?
True
Is 113222353 a composite number?
True
Is 14137043 a composite number?
True
Is 585486145 composite?
True
Is 3275893 composite?
True
Is 10855181 composite?
False
Is 18832973 prime?
True
Is 8275427 a composite number?
True
Is 53570501 a composite number?
True
Is 142019597 composite?
True
Is 888941 prime?
False
Is 131362559 composite?
False
Is 51836401 a prime number?
True
Is 116269717 a prime number?
True
Is 1374259 a prime number?
False
Is 27031651 prime?
True
Is 1737241 prime?
False
Is 64114669 prime?
True
Is 11526403 a composite number?
True
Is 89604517 prime?
True
Is 3550867 a prime number?
False
Is 571121699 prime?
False
Is 15692731 composite?
False
Is 191747 composite?
False
Is 360631 prime?
False
Is 2569331 composite?
False
Is 6093247 composite?
False
Is 13486159